 - 28. What are the prime factors of j?
3, 5
Suppose 5*i = i + 5*d + 924, 5*i - 1134 = d. What are the prime factors of i?
2, 113
Suppose -3*u - j - 21 = -2*j, -4*j = 0. Let y = u + 12. List the prime factors of y.
5
Let c(r) = 2*r - 8. List the prime factors of c(6).
2
Suppose 15 = o + 4*o. Let x(w) = -5*w**2 + w. Let d be x(-1). List the prime factors of (-50)/d - (-2)/o.
3
Suppose 4*p - 2*p - z + 49 = 0, 2*z = 6. Let o = 36 + p. List the prime factors of o.
13
Let z be (3/(-6))/(1/(-8)). Suppose 20 = -z*o - 4*i, -4*i + 15 = -5*o - 28. Let r = -4 - o. List the prime factors of r.
3
Let i = -2 - -9. List the prime factors of 155/i + 6/(-42).
2, 11
Let w(s) = s**2 + 8*s - 9. Let g(a) = a**2 + a - 1. Let t(x) = 2*g(x) - w(x). What are the prime factors of t(10)?
47
Let y(w) = w**3 - 8*w**2 + 6*w. Let g be y(6). What are the prime factors of 9/4*(-192)/g?
2, 3
Let k = 20 - 12. Suppose -6*t + 2*t + k = 0. Suppose -3*p = -t*c + 3 - 1, c = -5*p + 14. List the prime factors of c.
2
Suppose 0 = -3*x + 431 - 92. Suppose -x = 5*v + 3*k, -4*v - 2*k = -3*k + 87. Let u = 33 + v. List the prime factors of u.
11
List the prime factors of 453/13 - (-10)/65.
5, 7
Let i = 13 + -8. Suppose -5*m - 111 - 33 = -3*v, i*m + 160 = -5*v. Let s = 43 + m. What are the prime factors of s?
13
Suppose 0 = 5*f - f - 16. What are the prime factors of f?
2
Suppose 0 = -x + 4 - 1. Suppose 2*s + 4*v + 0*v = 0, 0 = -3*s + x*v + 45. List the prime factors of s.
2, 5
Let l = 227 - 111. List the prime factors of l.
2, 29
Let z(h) be the second derivative of h**5/20 - 7*h**4/6 - 13*h**3/6 - 11*h**2/2 - 3*h. What are the prime factors of z(15)?
19
Let p = 13 + -8. Let j(o) = 29*o - 1. Let x(k) = -5*k. Let q(g) = 6*j(g) + 34*x(g). What are the prime factors of q(p)?
2, 7
Let h = 1 - -3. Suppose -h*v = 4 - 60. List the prime factors of v.
2, 7
Suppose 2*b + 0*r - 2*r - 128 = 0, 5*b - 305 = 2*r. What are the prime factors of b?
59
Suppose 2*t + t = 78. What are the prime factors of t?
2, 13
Let r(x) be the second derivative of -x**5/20 + 5*x**4/12 + x**3/6 + 2*x. List the prime factors of r(5).
5
Let c be 57/12 + 2/8. Let p(u) = -u**3 + 6*u**2 - 3*u - 4. Let v be p(c). Let s = v - -1. List the prime factors of s.
7
Suppose 2*x = 6 + 16. Suppose 3 + 2 = -z. Let d = x - z. List the prime factors of d.
2
Let g be 0*(6/3)/(-4). Suppose -r = 4*r + 3*p - 36, g = -2*p + 4. Suppose -2*l - 24 = -4*i - r*l, -2*i - 3*l + 10 = 0. List the prime factors of i.
2
Let u(n) = n**3 + 6*n**2 + 3*n - 7. Let d be u(-5). List the prime factors of 2/d*(41 - 2).
2, 13
Let m be 2 - 0 - (-24)/(-2). Let r = -5 - m. Let y(c) = -c**3 + 5*c**2 - c + 7. What are the prime factors of y(r)?
2
Suppose -2*d - 146 = -2*k, -k + 2*k + 4*d - 68 = 0. What are the prime factors of k?
2, 3
Suppose p - 4 = 1. Suppose p*c - 90 = -0*c. List the prime factors of c.
2, 3
Let y = 549 - 190. List the prime factors of y.
359
Suppose 11 + 9 = 2*j. Suppose j - 2 = 4*s. Let i = s + 14. What are the prime factors of i?
2
Let y(b) = 6*b**3 - 2*b + 4. What are the prime factors of y(2)?
2, 3
Let l(o) = 12*o**2 + o + 1. Suppose 5*g + 2 + 13 = 0. Let k = -4 - g. List the prime factors of l(k).
2, 3
Let v(a) = a**2 + 4*a - 5. Let z be v(-6). Suppose 4*q - 2*n - 8 = 0, 0 = -3*q + 2*n - 0 + z. List the prime factors of (q/(-1))/((-3)/45).
3, 5
Let y be 10/35 + (-164)/(-14). Suppose h = -2*u + 4 - 5, 10 = -2*h. Suppose b - u*b + y = 0. List the prime factors of b.
2, 3
Let j(v) = 2*v - 3. Let h be j(6). Let k(w) = 4*w - 25. Let y(a) = -2*a + 12. Let o(q) = -2*k(q) - 5*y(q). List the prime factors of o(h).
2
Let q be 2/4 + 86/4. Let z = 15 + -2. Suppose -r + z = 3*r + i, 0 = r + 4*i - q. What are the prime factors of r?
2
Let r(j) = 3*j**2 - 30*j - 10. What are the prime factors of r(13)?
107
Let a = -35 + 71. Let m = -11 + a. Let p = -16 + m. What are the prime factors of p?
3
Suppose 7*t - 736 = -141. What are the prime factors of t?
5, 17
Suppose -18 = 3*l - 102. Suppose -55 = 4*b + 21. Let q = b + l. What are the prime factors of q?
3
Suppose 3*n - 20 = n. List the prime factors of n.
2, 5
Let x = 6 + -3. Suppose -m + 2 + x = 0. Suppose 20 = -4*z, 1 = m*b + z - 9. List the prime factors of b.
3
Suppose -5*s + 4*s + 66 = 0. Suppose 0 = -5*v + s - 6. What are the prime factors of v?
2, 3
Suppose -135 = -3*c + 4*a, -4*c - 4*a + 70 = -2*c. What are the prime factors of c?
41
Suppose -263 = -y - 3*y + 3*c, -3*y = -c - 196. List the prime factors of y.
5, 13
Let p = 532 - 203. What are the prime factors of p?
7, 47
Let j be 2 - (-6 - 6/(-2)). Let g = j - 5. List the prime factors of 0 - g - -2 - -13.
3, 5
Let f be (1*-6)/1*-7. What are the prime factors of (12/f)/(2/14)?
2
Let t = -6 + 10. Suppose -4*m - 5*f + 59 = 0, -t*m - 4*f = -f - 69. What are the prime factors of m?
3, 7
Suppose -5*q - 15 = -10*q + k, 0 = -q - 3*k + 19. Suppose 9*t = q*t + 60. List the prime factors of t.
2, 3
Let c = -131 - -298. What are the prime factors of c?
167
Let y be 2/((-2)/2) + 138. Suppose -w = -4*m - 2*w + y, 0 = -m + w + 34. What are the prime factors of m?
2, 17
Let t be 8/(-28) - 46/(-14). Let k be 5 - (-1 - (t - 5)). Suppose 3 = 3*j - k*j + 2*a, -a = 5*j - 40. What are the prime factors of j?
7
Suppose -4*m + 94 = -2*j - 24, 4*j - 105 = -3*m. What are the prime factors of m?
31
Let t = 12 + -8. Suppose 5*u - 3*v - 9 = 0, -3*v = -4*u + v + t. Suppose 5*h - 16 = -a, h = -0*a + u*a. List the prime factors of h.
3
Suppose 0 = -0*y + y + 1. Let f be ((-9)/(-12))/(y/4). What are the prime factors of (4/f)/(8/(-12))?
2
Suppose 58 = 6*y - 218. Let b = -11 + y. List the prime factors of b.
5, 7
Let o be (-2)/7*(-10 + -4). Suppose k = -4*i - 3*k + 200, 5*i = -o*k + 246. What are the prime factors of i?
2, 23
Let r = -74 - -103. Suppose 3*y = 16 + r. What are the prime factors of y?
3, 5
Suppose -2*l - 9 + 1 = 0. Let z(y) = -y**2 + 5*y + 4. Let m(q) = 6*q**2 - 24*q - 19. Let f(g) = -2*m(g) - 11*z(g). What are the prime factors of f(l)?
2, 3
Let k = 36 - 16. List the prime factors of k.
2, 5
Let z = 688 + -456. List the prime factors of z.
2, 29
Suppose 17*t - 19*t + 114 = 0. List the prime factors of t.
3, 19
Let b = 6 + 24. List the prime factors of b.
2, 3, 5
Suppose 178 = 3*j + 31. Suppose -2*l = 3*i - 30, 0 = -4*l - 5*i + j + 13. What are the prime factors of l?
2, 3
Suppose 4*f = 3*m - 160, -3*m = -8*m + 4*f + 280. List the prime factors of m.
2, 3, 5
Let c(a) = 3*a - 3. What are the prime factors of c(12)?
3, 11
Let x = -10 - -12. Let b(z) = 3*z + 2. What are the prime factors of b(x)?
2
Suppose -s = -2*s + 3. Suppose -4*u + 2*x = -u - 32, s*x = -3. What are the prime factors of u?
2, 5
Suppose 5*g = 1083 - 43. List the prime factors of g.
2, 13
Let d be -2 + 0 - (2 - 7). Suppose -d*u = -27 - 9. List the prime factors of u.
2, 3
Suppose -2*l = 4*d - 2, -4*l - l + 35 = -5*d. Let r(g) = -g - 3. Let m(b) = -b - 3. Let t(q) = l*r(q) - 6*m(q). What are the prime factors of t(0)?
3
Let x(c) = -4*c - 6. Let k be x(-6). Suppose 4*b - b = 5*p - 26, 4*p - b = k. List the prime factors of p.
2
Let a(v) = 5*v + 2. Let d be a(-6). Let w be (12/(-7))/(8/d). Suppose 4*i + w = 26. List the prime factors of i.
5
Let o be (-3 - -23)/(3/(-6)). Let q = o - -71. Let y = -10 + q. What are the prime factors of y?
3, 7
Suppose -5*k + 23 + 87 = 0. What are the prime factors of k?
2, 11
List the prime factors of (-6 - -5)/(1/(-24)).
2, 3
Let n = 8 - 9. Let s be (0/(-1) + -3)*n. Let o(z) = z**2 + 4. What are the prime factors of o(s)?
13
Suppose 5*n - 2*n = 5*j - 247, 208 = 4*j - 5*n. List the prime factors of j.
47
Suppose 0*h = -h - 5*p + 43, 2*h = -4*p + 62. List the prime factors of h.
23
Let n be 18/5 - (-4)/10. Suppose -i - 14 = -2*s, n*s - 5*s + 7 = -2*i. Let a = s + -2. List the prime factors of a.
5
Let a = -9 + 55. Let p = a - 6. What are the prime factors of p?
2, 5
Suppose 3*g + 165 = 4*g - 5*m, -6 = 3*m. List the prime factors of g.
5, 31
Suppose -3*l + 2*y + 84 = 3*y, -l - 5*y = -28. List the prime factors of l.
2, 7
Suppose -3*p + 309 = -4*g + g, -2*p + 221 = -5*g. List the prime factors of p.
2, 7
Let m = 8 - 6. Suppose -m*o + 20 = -o. Suppose -2*t - 8 = -3*q, 6*q - q - o = 2*t. What are the prime factors of q?
2, 3
Let v be 72*(10/(-4) + 2). Suppose 5*y + 14 - 54 = 0. Wh